{"id":11,"date":"2023-07-27T03:56:10","date_gmt":"2023-07-27T03:56:10","guid":{"rendered":"https:\/\/aquaplus.bridgestudio.host\/?page_id=11"},"modified":"2023-08-05T19:45:48","modified_gmt":"2023-08-05T19:45:48","slug":"home","status":"publish","type":"page","link":"https:\/\/aquaplus.bridgestudio.host\/","title":{"rendered":"HOME"},"content":{"rendered":"\t\t<div data-elementor-type=\"wp-page\" data-elementor-id=\"11\" class=\"elementor elementor-11\" data-elementor-post-type=\"page\">\n\t\t\t\t\t\t\t\t\t<section class=\"elementor-section elementor-top-section elementor-element elementor-element-654a0ec elementor-section-boxed elementor-section-height-default elementor-section-height-default\" data-id=\"654a0ec\" data-element_type=\"section\" data-settings=\"{&quot;background_background&quot;:&quot;classic&quot;}\">\n\t\t\t\t\t\t<div class=\"elementor-container elementor-column-gap-default\">\n\t\t\t\t\t<div class=\"elementor-column elementor-col-50 elementor-top-column elementor-element elementor-element-ec86d03\" data-id=\"ec86d03\" data-element_type=\"column\">\n\t\t\t<div class=\"elementor-widget-wrap elementor-element-populated\">\n\t\t\t\t\t\t\t\t<div class=\"elementor-element elementor-element-d7284ea elementor-invisible elementor-widget elementor-widget-heading\" data-id=\"d7284ea\" data-element_type=\"widget\" data-settings=\"{&quot;_animation&quot;:&quot;fadeIn&quot;}\" data-widget_type=\"heading.default\">\n\t\t\t\t<div class=\"elementor-widget-container\">\n\t\t\t<style>\/*! elementor - v3.14.0 - 26-06-2023 *\/\n.elementor-heading-title{padding:0;margin:0;line-height:1}.elementor-widget-heading .elementor-heading-title[class*=elementor-size-]>a{color:inherit;font-size:inherit;line-height:inherit}.elementor-widget-heading .elementor-heading-title.elementor-size-small{font-size:15px}.elementor-widget-heading .elementor-heading-title.elementor-size-medium{font-size:19px}.elementor-widget-heading .elementor-heading-title.elementor-size-large{font-size:29px}.elementor-widget-heading .elementor-heading-title.elementor-size-xl{font-size:39px}.elementor-widget-heading .elementor-heading-title.elementor-size-xxl{font-size:59px}<\/style><h2 class=\"elementor-heading-title elementor-size-default\">AGUA LIBRE DE CONTAMINANTES PARA LA SEGURIDAD DE TU FAMILIA<\/h2>\t\t<\/div>\n\t\t\t\t<\/div>\n\t\t\t\t<div class=\"elementor-element elementor-element-4216727 elementor-widget elementor-widget-text-editor\" data-id=\"4216727\" data-element_type=\"widget\" data-widget_type=\"text-editor.default\">\n\t\t\t\t<div class=\"elementor-widget-container\">\n\t\t\t<style>\/*! elementor - v3.14.0 - 26-06-2023 *\/\n.elementor-widget-text-editor.elementor-drop-cap-view-stacked .elementor-drop-cap{background-color:#69727d;color:#fff}.elementor-widget-text-editor.elementor-drop-cap-view-framed .elementor-drop-cap{color:#69727d;border:3px solid;background-color:transparent}.elementor-widget-text-editor:not(.elementor-drop-cap-view-default) .elementor-drop-cap{margin-top:8px}.elementor-widget-text-editor:not(.elementor-drop-cap-view-default) .elementor-drop-cap-letter{width:1em;height:1em}.elementor-widget-text-editor .elementor-drop-cap{float:left;text-align:center;line-height:1;font-size:50px}.elementor-widget-text-editor .elementor-drop-cap-letter{display:inline-block}<\/style>\t\t\t\t<p>Con tecnolog\u00eda de vanguardia para la eliminaci\u00f3n de ars\u00e9nico, fl\u00faor, metales pesados y contaminantes org\u00e1nicos<\/p>\t\t\t\t\t\t<\/div>\n\t\t\t\t<\/div>\n\t\t\t\t\t<\/div>\n\t\t<\/div>\n\t\t\t\t<div class=\"elementor-column elementor-col-50 elementor-top-column elementor-element elementor-element-1f9b00b\" data-id=\"1f9b00b\" data-element_type=\"column\">\n\t\t\t<div class=\"elementor-widget-wrap elementor-element-populated\">\n\t\t\t\t\t\t\t\t<div class=\"elementor-element elementor-element-7c61fbd elementor-widget elementor-widget-image\" data-id=\"7c61fbd\" data-element_type=\"widget\" data-widget_type=\"image.default\">\n\t\t\t\t<div class=\"elementor-widget-container\">\n\t\t\t<style>\/*! elementor - v3.14.0 - 26-06-2023 *\/\n.elementor-widget-image{text-align:center}.elementor-widget-image a{display:inline-block}.elementor-widget-image a img[src$=\".svg\"]{width:48px}.elementor-widget-image img{vertical-align:middle;display:inline-block}<\/style>\t\t\t\t\t\t\t\t\t\t\t\t<img decoding=\"async\" width=\"800\" height=\"721\" src=\"https:\/\/aquaplus.bridgestudio.host\/wp-content\/uploads\/2023\/08\/hydromax-1024x923.png\" class=\"attachment-large size-large wp-image-74\" alt=\"\" loading=\"lazy\" srcset=\"https:\/\/aquaplus.bridgestudio.host\/wp-content\/uploads\/2023\/08\/hydromax-1024x923.png 1024w, https:\/\/aquaplus.bridgestudio.host\/wp-content\/uploads\/2023\/08\/hydromax-300x271.png 300w, https:\/\/aquaplus.bridgestudio.host\/wp-content\/uploads\/2023\/08\/hydromax-768x693.png 768w, https:\/\/aquaplus.bridgestudio.host\/wp-content\/uploads\/2023\/08\/hydromax.png 1253w\" sizes=\"(max-width: 800px) 100vw, 800px\" \/>\t\t\t\t\t\t\t\t\t\t\t\t\t\t\t<\/div>\n\t\t\t\t<\/div>\n\t\t\t\t\t<\/div>\n\t\t<\/div>\n\t\t\t\t\t\t\t<\/div>\n\t\t<\/section>\n\t\t\t\t<section class=\"elementor-section elementor-top-section elementor-element elementor-element-b25c75d elementor-section-boxed elementor-section-height-default elementor-section-height-default\" data-id=\"b25c75d\" data-element_type=\"section\">\n\t\t\t\t\t\t<div class=\"elementor-container elementor-column-gap-default\">\n\t\t\t\t\t<div class=\"elementor-column elementor-col-100 elementor-top-column elementor-element elementor-element-de7f56c\" data-id=\"de7f56c\" data-element_type=\"column\">\n\t\t\t<div class=\"elementor-widget-wrap elementor-element-populated\">\n\t\t\t\t\t\t\t\t<div class=\"elementor-element elementor-element-adb499b elementor-widget elementor-widget-image\" data-id=\"adb499b\" data-element_type=\"widget\" data-widget_type=\"image.default\">\n\t\t\t\t<div class=\"elementor-widget-container\">\n\t\t\t\t\t\t\t\t\t\t\t\t\t\t\t<img decoding=\"async\" width=\"800\" height=\"400\" src=\"https:\/\/aquaplus.bridgestudio.host\/wp-content\/uploads\/2023\/08\/filtro-fases.png\" class=\"attachment-large size-large wp-image-77\" alt=\"\" loading=\"lazy\" srcset=\"https:\/\/aquaplus.bridgestudio.host\/wp-content\/uploads\/2023\/08\/filtro-fases.png 800w, https:\/\/aquaplus.bridgestudio.host\/wp-content\/uploads\/2023\/08\/filtro-fases-300x150.png 300w, https:\/\/aquaplus.bridgestudio.host\/wp-content\/uploads\/2023\/08\/filtro-fases-768x384.png 768w\" sizes=\"(max-width: 800px) 100vw, 800px\" \/>\t\t\t\t\t\t\t\t\t\t\t\t\t\t\t<\/div>\n\t\t\t\t<\/div>\n\t\t\t\t\t<\/div>\n\t\t<\/div>\n\t\t\t\t\t\t\t<\/div>\n\t\t<\/section>\n\t\t\t\t<section class=\"elementor-section elementor-top-section elementor-element elementor-element-38e5b26 elementor-section-boxed elementor-section-height-default elementor-section-height-default\" data-id=\"38e5b26\" data-element_type=\"section\">\n\t\t\t\t\t\t<div class=\"elementor-container elementor-column-gap-default\">\n\t\t\t\t\t<div class=\"elementor-column elementor-col-100 elementor-top-column elementor-element elementor-element-0213cb8\" data-id=\"0213cb8\" data-element_type=\"column\">\n\t\t\t<div class=\"elementor-widget-wrap elementor-element-populated\">\n\t\t\t\t\t\t\t\t<section class=\"elementor-section elementor-inner-section elementor-element elementor-element-373cd82 elementor-section-content-middle elementor-section-boxed elementor-section-height-default elementor-section-height-default\" data-id=\"373cd82\" data-element_type=\"section\">\n\t\t\t\t\t\t<div class=\"elementor-container elementor-column-gap-default\">\n\t\t\t\t\t<div class=\"elementor-column elementor-col-50 elementor-inner-column elementor-element elementor-element-38cb19c\" data-id=\"38cb19c\" data-element_type=\"column\">\n\t\t\t<div class=\"elementor-widget-wrap elementor-element-populated\">\n\t\t\t\t\t\t\t\t<div class=\"elementor-element elementor-element-477ba7b elementor-widget elementor-widget-image\" data-id=\"477ba7b\" data-element_type=\"widget\" data-widget_type=\"image.default\">\n\t\t\t\t<div class=\"elementor-widget-container\">\n\t\t\t\t\t\t\t\t\t\t\t\t\t\t\t<img decoding=\"async\" width=\"800\" height=\"800\" src=\"https:\/\/aquaplus.bridgestudio.host\/wp-content\/uploads\/2023\/07\/purificador-de-agua-sobre-tarja-foset-93c-1024x1024.jpg\" class=\"attachment-large size-large wp-image-49\" alt=\"\" loading=\"lazy\" srcset=\"https:\/\/aquaplus.bridgestudio.host\/wp-content\/uploads\/2023\/07\/purificador-de-agua-sobre-tarja-foset-93c-1024x1024.jpg 1024w, https:\/\/aquaplus.bridgestudio.host\/wp-content\/uploads\/2023\/07\/purificador-de-agua-sobre-tarja-foset-93c-300x300.jpg 300w, https:\/\/aquaplus.bridgestudio.host\/wp-content\/uploads\/2023\/07\/purificador-de-agua-sobre-tarja-foset-93c-150x150.jpg 150w, https:\/\/aquaplus.bridgestudio.host\/wp-content\/uploads\/2023\/07\/purificador-de-agua-sobre-tarja-foset-93c-768x768.jpg 768w, https:\/\/aquaplus.bridgestudio.host\/wp-content\/uploads\/2023\/07\/purificador-de-agua-sobre-tarja-foset-93c-1536x1536.jpg 1536w, https:\/\/aquaplus.bridgestudio.host\/wp-content\/uploads\/2023\/07\/purificador-de-agua-sobre-tarja-foset-93c.jpg 1800w\" sizes=\"(max-width: 800px) 100vw, 800px\" \/>\t\t\t\t\t\t\t\t\t\t\t\t\t\t\t<\/div>\n\t\t\t\t<\/div>\n\t\t\t\t\t<\/div>\n\t\t<\/div>\n\t\t\t\t<div class=\"elementor-column elementor-col-50 elementor-inner-column elementor-element elementor-element-5944ed0\" data-id=\"5944ed0\" data-element_type=\"column\">\n\t\t\t<div class=\"elementor-widget-wrap elementor-element-populated\">\n\t\t\t\t\t\t\t\t<div class=\"elementor-element elementor-element-14cac90 elementor-widget elementor-widget-heading\" data-id=\"14cac90\" data-element_type=\"widget\" data-widget_type=\"heading.default\">\n\t\t\t\t<div class=\"elementor-widget-container\">\n\t\t\t<h2 class=\"elementor-heading-title elementor-size-default\">\u00bfC\u00d3MO TRABAJAN LOS FILTROS AF? <\/h2>\t\t<\/div>\n\t\t\t\t<\/div>\n\t\t\t\t<div class=\"elementor-element elementor-element-49ecce1 elementor-widget elementor-widget-text-editor\" data-id=\"49ecce1\" data-element_type=\"widget\" data-widget_type=\"text-editor.default\">\n\t\t\t\t<div class=\"elementor-widget-container\">\n\t\t\t\t\t\t\t<p>A diferencia de la \u00f3smosis inversa, nuestros filtros no requieren energ\u00eda el\u00e9ctrica para funcionar. El agua pasa a trav\u00e9s de los materiales filtrantes (5 diferentes tipos de ellos para el FILTRO AF3) y los contaminantes son retenidos en su superficie altamente porosa. De una manera m\u00e1s t\u00e9cnica, la superficie porosa, al contacto con el agua se carga el\u00e9ctricamente y los contaminantes, tambi\u00e9n cargados (iones) pero de carga contraria son ligados electrost\u00e1ticamente.<\/p>\t\t\t\t\t\t<\/div>\n\t\t\t\t<\/div>\n\t\t\t\t\t<\/div>\n\t\t<\/div>\n\t\t\t\t\t\t\t<\/div>\n\t\t<\/section>\n\t\t\t\t\t<\/div>\n\t\t<\/div>\n\t\t\t\t\t\t\t<\/div>\n\t\t<\/section>\n\t\t\t\t<section class=\"elementor-section elementor-top-section elementor-element elementor-element-27205a8 elementor-section-boxed elementor-section-height-default elementor-section-height-default\" data-id=\"27205a8\" data-element_type=\"section\">\n\t\t\t\t\t\t<div class=\"elementor-container elementor-column-gap-default\">\n\t\t\t\t\t<div class=\"elementor-column elementor-col-100 elementor-top-column elementor-element elementor-element-881b548\" data-id=\"881b548\" data-element_type=\"column\">\n\t\t\t<div class=\"elementor-widget-wrap elementor-element-populated\">\n\t\t\t\t\t\t\t\t<div class=\"elementor-element elementor-element-a0c356f elementor-widget elementor-widget-heading\" data-id=\"a0c356f\" data-element_type=\"widget\" data-widget_type=\"heading.default\">\n\t\t\t\t<div class=\"elementor-widget-container\">\n\t\t\t<h3 class=\"elementor-heading-title elementor-size-default\">Reduce y elimina contaminantes<\/h3>\t\t<\/div>\n\t\t\t\t<\/div>\n\t\t\t\t<section class=\"elementor-section elementor-inner-section elementor-element elementor-element-98a14ca elementor-section-boxed elementor-section-height-default elementor-section-height-default\" data-id=\"98a14ca\" data-element_type=\"section\">\n\t\t\t\t\t\t<div class=\"elementor-container elementor-column-gap-default\">\n\t\t\t\t\t<div class=\"elementor-column elementor-col-33 elementor-inner-column elementor-element elementor-element-0ee86b6\" data-id=\"0ee86b6\" data-element_type=\"column\">\n\t\t\t<div class=\"elementor-widget-wrap elementor-element-populated\">\n\t\t\t\t\t\t\t\t<div class=\"elementor-element elementor-element-8cef464 elementor-widget elementor-widget-text-editor\" data-id=\"8cef464\" data-element_type=\"widget\" data-widget_type=\"text-editor.default\">\n\t\t\t\t<div class=\"elementor-widget-container\">\n\t\t\t\t\t\t\t<div class=\"media-body\"><h4>Ars\u00e9nico<\/h4><p>Se calcula que en M\u00e9xico hay cerca de dos millones de personas expuestas a consumir agua con ars\u00e9nico. La exposici\u00f3n prolongada al ars\u00e9nico, puede causar c\u00e1ncer y lesiones cut\u00e1neas, as\u00ed como problemas de desarrollo, enfermedades cardiovasculares, neurotoxicidad y diabetes.<\/p><\/div>\t\t\t\t\t\t<\/div>\n\t\t\t\t<\/div>\n\t\t\t\t<div class=\"elementor-element elementor-element-bc069ca elementor-widget elementor-widget-text-editor\" data-id=\"bc069ca\" data-element_type=\"widget\" data-widget_type=\"text-editor.default\">\n\t\t\t\t<div class=\"elementor-widget-container\">\n\t\t\t\t\t\t\t<div class=\"media-body\"><div class=\"media-body\"><h4>Fluor<\/h4><p>Nuevas investigaciones revelan la urgencia por evitar la ingesta excesiva de Fluor.<\/p><\/div><\/div>\t\t\t\t\t\t<\/div>\n\t\t\t\t<\/div>\n\t\t\t\t\t<\/div>\n\t\t<\/div>\n\t\t\t\t<div class=\"elementor-column elementor-col-33 elementor-inner-column elementor-element elementor-element-6418211\" data-id=\"6418211\" data-element_type=\"column\">\n\t\t\t<div class=\"elementor-widget-wrap elementor-element-populated\">\n\t\t\t\t\t\t\t\t<div class=\"elementor-element elementor-element-1c57b8b elementor-widget elementor-widget-image\" data-id=\"1c57b8b\" data-element_type=\"widget\" data-widget_type=\"image.default\">\n\t\t\t\t<div class=\"elementor-widget-container\">\n\t\t\t\t\t\t\t\t\t\t\t\t\t\t\t<img decoding=\"async\" width=\"346\" height=\"1024\" src=\"https:\/\/aquaplus.bridgestudio.host\/wp-content\/uploads\/2023\/08\/cartucho-346x1024.png\" class=\"attachment-large size-large wp-image-78\" alt=\"\" loading=\"lazy\" srcset=\"https:\/\/aquaplus.bridgestudio.host\/wp-content\/uploads\/2023\/08\/cartucho-346x1024.png 346w, https:\/\/aquaplus.bridgestudio.host\/wp-content\/uploads\/2023\/08\/cartucho.png 406w\" sizes=\"(max-width: 346px) 100vw, 346px\" \/>\t\t\t\t\t\t\t\t\t\t\t\t\t\t\t<\/div>\n\t\t\t\t<\/div>\n\t\t\t\t\t<\/div>\n\t\t<\/div>\n\t\t\t\t<div class=\"elementor-column elementor-col-33 elementor-inner-column elementor-element elementor-element-025f03e\" data-id=\"025f03e\" data-element_type=\"column\">\n\t\t\t<div class=\"elementor-widget-wrap elementor-element-populated\">\n\t\t\t\t\t\t\t\t<div class=\"elementor-element elementor-element-8f358d0 elementor-widget elementor-widget-text-editor\" data-id=\"8f358d0\" data-element_type=\"widget\" data-widget_type=\"text-editor.default\">\n\t\t\t\t<div class=\"elementor-widget-container\">\n\t\t\t\t\t\t\t<div class=\"media-body\"><div class=\"media-body\"><h4>Cloro<\/h4><p>Aunque el cloro se utiliza para impedir la proliferaci\u00f3n bacteriana, el consumo de cloro dentro y fuera del agua puede formar \u00e1cido hipocloroso y \u00e1cido clor\u00eddrico, ambos son extremadamente t\u00f3xicos<\/p><\/div><\/div>\t\t\t\t\t\t<\/div>\n\t\t\t\t<\/div>\n\t\t\t\t<div class=\"elementor-element elementor-element-4a44a1b elementor-widget elementor-widget-text-editor\" data-id=\"4a44a1b\" data-element_type=\"widget\" data-widget_type=\"text-editor.default\">\n\t\t\t\t<div class=\"elementor-widget-container\">\n\t\t\t\t\t\t\t<div class=\"media-body\"><div class=\"media-body\"><div class=\"media-body\"><h4>Nitrato<\/h4><p>El Nitrato es un contaminante com\u00fan de las agua subterraneas, se sabe que la ingesta de nitratos puede causar metahemoglobinemia, evitando que nuestros tejidos reciban suficiente ox\u00edgeno y causando afecciones como: dolor de cabeza, mareo, cansancio, falta de aliento, n\u00e1useas, piel de color azul y m\u00e1s&#8230;<\/p><\/div><\/div><\/div>\t\t\t\t\t\t<\/div>\n\t\t\t\t<\/div>\n\t\t\t\t\t<\/div>\n\t\t<\/div>\n\t\t\t\t\t\t\t<\/div>\n\t\t<\/section>\n\t\t\t\t\t<\/div>\n\t\t<\/div>\n\t\t\t\t\t\t\t<\/div>\n\t\t<\/section>\n\t\t\t\t<section class=\"elementor-section elementor-top-section elementor-element elementor-element-5900f9e elementor-section-boxed elementor-section-height-default elementor-section-height-default\" data-id=\"5900f9e\" data-element_type=\"section\">\n\t\t\t\t\t\t<div class=\"elementor-container elementor-column-gap-default\">\n\t\t\t\t\t<div class=\"elementor-column elementor-col-100 elementor-top-column elementor-element elementor-element-2b41eda\" data-id=\"2b41eda\" data-element_type=\"column\">\n\t\t\t<div class=\"elementor-widget-wrap elementor-element-populated\">\n\t\t\t\t\t\t\t\t<div class=\"elementor-element elementor-element-89b7864 elementor-widget elementor-widget-heading\" data-id=\"89b7864\" data-element_type=\"widget\" data-widget_type=\"heading.default\">\n\t\t\t\t<div class=\"elementor-widget-container\">\n\t\t\t<h2 class=\"elementor-heading-title elementor-size-default\">Nuestra tecnolog\u00eda de filtraci\u00f3n<\/h2>\t\t<\/div>\n\t\t\t\t<\/div>\n\t\t\t\t<div class=\"elementor-element elementor-element-78c6b79 elementor-widget elementor-widget-text-editor\" data-id=\"78c6b79\" data-element_type=\"widget\" data-widget_type=\"text-editor.default\">\n\t\t\t\t<div class=\"elementor-widget-container\">\n\t\t\t\t\t\t\t<p>Utilizamos insumos de la m\u00e1s alta calidad para garantizar un funcionamiento m\u00e1s que \u00f3ptimo de nuestros equipos, te explicamos que hace cada uno:<\/p>\t\t\t\t\t\t<\/div>\n\t\t\t\t<\/div>\n\t\t\t\t<section class=\"elementor-section elementor-inner-section elementor-element elementor-element-bdd95aa elementor-section-boxed elementor-section-height-default elementor-section-height-default\" data-id=\"bdd95aa\" data-element_type=\"section\">\n\t\t\t\t\t\t<div class=\"elementor-container elementor-column-gap-default\">\n\t\t\t\t\t<div class=\"elementor-column elementor-col-33 elementor-inner-column elementor-element elementor-element-7408d4b\" data-id=\"7408d4b\" data-element_type=\"column\">\n\t\t\t<div class=\"elementor-widget-wrap elementor-element-populated\">\n\t\t\t\t\t\t\t\t<div class=\"elementor-element elementor-element-17e8fee elementor-widget elementor-widget-image\" data-id=\"17e8fee\" data-element_type=\"widget\" data-widget_type=\"image.default\">\n\t\t\t\t<div class=\"elementor-widget-container\">\n\t\t\t\t\t\t\t\t\t\t\t\t\t\t\t<img decoding=\"async\" width=\"600\" height=\"569\" src=\"https:\/\/aquaplus.bridgestudio.host\/wp-content\/uploads\/2023\/08\/alumina.jpg\" class=\"attachment-large size-large wp-image-84\" alt=\"\" loading=\"lazy\" srcset=\"https:\/\/aquaplus.bridgestudio.host\/wp-content\/uploads\/2023\/08\/alumina.jpg 600w, https:\/\/aquaplus.bridgestudio.host\/wp-content\/uploads\/2023\/08\/alumina-300x285.jpg 300w\" sizes=\"(max-width: 600px) 100vw, 600px\" \/>\t\t\t\t\t\t\t\t\t\t\t\t\t\t\t<\/div>\n\t\t\t\t<\/div>\n\t\t\t\t<div class=\"elementor-element elementor-element-ca79d7e elementor-widget elementor-widget-heading\" data-id=\"ca79d7e\" data-element_type=\"widget\" data-widget_type=\"heading.default\">\n\t\t\t\t<div class=\"elementor-widget-container\">\n\t\t\t<h5 class=\"elementor-heading-title elementor-size-default\">Alumina Activada ActiGuard<\/h5>\t\t<\/div>\n\t\t\t\t<\/div>\n\t\t\t\t\t<\/div>\n\t\t<\/div>\n\t\t\t\t<div class=\"elementor-column elementor-col-33 elementor-inner-column elementor-element elementor-element-7c2ac81\" data-id=\"7c2ac81\" data-element_type=\"column\">\n\t\t\t<div class=\"elementor-widget-wrap elementor-element-populated\">\n\t\t\t\t\t\t\t\t<div class=\"elementor-element elementor-element-15fb50e elementor-widget elementor-widget-image\" data-id=\"15fb50e\" data-element_type=\"widget\" data-widget_type=\"image.default\">\n\t\t\t\t<div class=\"elementor-widget-container\">\n\t\t\t\t\t\t\t\t\t\t\t\t\t\t\t<img decoding=\"async\" width=\"535\" height=\"430\" src=\"https:\/\/aquaplus.bridgestudio.host\/wp-content\/uploads\/2023\/08\/carbon.jpg\" class=\"attachment-large size-large wp-image-83\" alt=\"\" loading=\"lazy\" srcset=\"https:\/\/aquaplus.bridgestudio.host\/wp-content\/uploads\/2023\/08\/carbon.jpg 535w, https:\/\/aquaplus.bridgestudio.host\/wp-content\/uploads\/2023\/08\/carbon-300x241.jpg 300w\" sizes=\"(max-width: 535px) 100vw, 535px\" \/>\t\t\t\t\t\t\t\t\t\t\t\t\t\t\t<\/div>\n\t\t\t\t<\/div>\n\t\t\t\t<div class=\"elementor-element elementor-element-aa5775f elementor-widget elementor-widget-heading\" data-id=\"aa5775f\" data-element_type=\"widget\" data-widget_type=\"heading.default\">\n\t\t\t\t<div class=\"elementor-widget-container\">\n\t\t\t<h5 class=\"elementor-heading-title elementor-size-default\">Carb\u00f3n granular Hydromax de alto desempe\u00f1o<\/h5>\t\t<\/div>\n\t\t\t\t<\/div>\n\t\t\t\t\t<\/div>\n\t\t<\/div>\n\t\t\t\t<div class=\"elementor-column elementor-col-33 elementor-inner-column elementor-element elementor-element-35cc4a1\" data-id=\"35cc4a1\" data-element_type=\"column\">\n\t\t\t<div class=\"elementor-widget-wrap elementor-element-populated\">\n\t\t\t\t\t\t\t\t<div class=\"elementor-element elementor-element-335c328 elementor-widget elementor-widget-image\" data-id=\"335c328\" data-element_type=\"widget\" data-widget_type=\"image.default\">\n\t\t\t\t<div class=\"elementor-widget-container\">\n\t\t\t\t\t\t\t\t\t\t\t\t\t\t\t<img decoding=\"async\" width=\"486\" height=\"486\" src=\"https:\/\/aquaplus.bridgestudio.host\/wp-content\/uploads\/2023\/08\/esponja.jpg\" class=\"attachment-large size-large wp-image-82\" alt=\"\" loading=\"lazy\" srcset=\"https:\/\/aquaplus.bridgestudio.host\/wp-content\/uploads\/2023\/08\/esponja.jpg 486w, https:\/\/aquaplus.bridgestudio.host\/wp-content\/uploads\/2023\/08\/esponja-300x300.jpg 300w, https:\/\/aquaplus.bridgestudio.host\/wp-content\/uploads\/2023\/08\/esponja-150x150.jpg 150w\" sizes=\"(max-width: 486px) 100vw, 486px\" \/>\t\t\t\t\t\t\t\t\t\t\t\t\t\t\t<\/div>\n\t\t\t\t<\/div>\n\t\t\t\t<div class=\"elementor-element elementor-element-bb8d1d4 elementor-widget elementor-widget-heading\" data-id=\"bb8d1d4\" data-element_type=\"widget\" data-widget_type=\"heading.default\">\n\t\t\t\t<div class=\"elementor-widget-container\">\n\t\t\t<h5 class=\"elementor-heading-title elementor-size-default\">Triple etapa contra sedimentos<\/h5>\t\t<\/div>\n\t\t\t\t<\/div>\n\t\t\t\t\t<\/div>\n\t\t<\/div>\n\t\t\t\t\t\t\t<\/div>\n\t\t<\/section>\n\t\t\t\t\t<\/div>\n\t\t<\/div>\n\t\t\t\t\t\t\t<\/div>\n\t\t<\/section>\n\t\t\t\t\t\t\t<\/div>\n\t\t","protected":false},"excerpt":{"rendered":"<p>AGUA LIBRE DE CONTAMINANTES PARA LA SEGURIDAD DE TU FAMILIA Con tecnolog\u00eda de vanguardia para la eliminaci\u00f3n de ars\u00e9nico, fl\u00faor, metales pesados y contaminantes org\u00e1nicos \u00bfC\u00d3MO TRABAJAN LOS FILTROS AF? A diferencia de la \u00f3smosis inversa, nuestros filtros no requieren energ\u00eda el\u00e9ctrica para funcionar. El agua pasa a trav\u00e9s de los materiales filtrantes (5 diferentes [&hellip;]<\/p>\n","protected":false},"author":1,"featured_media":0,"parent":0,"menu_order":0,"comment_status":"closed","ping_status":"closed","template":"elementor_theme","meta":[],"_links":{"self":[{"href":"https:\/\/aquaplus.bridgestudio.host\/index.php\/wp-json\/wp\/v2\/pages\/11"}],"collection":[{"href":"https:\/\/aquaplus.bridgestudio.host\/index.php\/wp-json\/wp\/v2\/pages"}],"about":[{"href":"https:\/\/aquaplus.bridgestudio.host\/index.php\/wp-json\/wp\/v2\/types\/page"}],"author":[{"embeddable":true,"href":"https:\/\/aquaplus.bridgestudio.host\/index.php\/wp-json\/wp\/v2\/users\/1"}],"replies":[{"embeddable":true,"href":"https:\/\/aquaplus.bridgestudio.host\/index.php\/wp-json\/wp\/v2\/comments?post=11"}],"version-history":[{"count":40,"href":"https:\/\/aquaplus.bridgestudio.host\/index.php\/wp-json\/wp\/v2\/pages\/11\/revisions"}],"predecessor-version":[{"id":87,"href":"https:\/\/aquaplus.bridgestudio.host\/index.php\/wp-json\/wp\/v2\/pages\/11\/revisions\/87"}],"wp:attachment":[{"href":"https:\/\/aquaplus.bridgestudio.host\/index.php\/wp-json\/wp\/v2\/media?parent=11"}],"curies":[{"name":"wp","href":"https:\/\/api.w.org\/{rel}","templated":true}]}}